1430. Calculate z(54).
18
Let a(p) = -p**3 + 3*p**2 + 8*p + 53. Give a(9).
-361
Let q(z) = 7*z**2 - 8*z - 60. What is q(-4)?
84
Let m(w) = 39*w + 255. Calculate m(-6).
21
Let j(x) = x**3 + 12*x**2 - 9*x + 30. Determine j(-13).
-22
Let f(i) = i**2 + 540*i + 7358. What is f(-14)?
-6
Let z(r) = -101*r + 1411. What is z(14)?
-3
Let m(s) = s**2 - 5*s - 76. Give m(5).
-76
Let f(o) = -o**3 + 99*o**2 + 200*o + 343. Determine f(101).
141
Let k(o) = -18*o**3 - o**2 - 7*o - 9. Calculate k(-1).
15
Let o(t) = -10974*t + 285318. Calculate o(26).
-6
Let v(k) = k**3 + 5*k**2 + 1168*k + 10. What is v(0)?
10
Let d(z) = -z**2 - 7*z + 89. Determine d(9).
-55
Let f(z) = -z**3 - 26*z**2 - 145*z - 27. Calculate f(-18).
-9
Let q(v) = 2*v**3 - 66*v**2 + 66*v - 72. Determine q(32).
-8
Let z(o) = -o**3 + 35*o**2 + 152*o - 2876. Give z(37).
10
Let c(t) = -296*t**3 + 8*t**2 - 9*t + 1. Give c(1).
-296
Let m(z) = 15*z**3 + 5*z**2 - 18*z - 41. Determine m(-3).
-347
Let p(y) = -121*y - 724. What is p(-6)?
2
Let m(j) = 109*j - 719. Determine m(6).
-65
Let i(m) = -m**3 + 27*m**2 - 84*m + 858. Calculate i(25).
8
Let b(v) = 193*v - 3095. What is b(16)?
-7
Let n(i) = -152*i - 12762. Give n(-84).
6
Let o(i) = -i**3 - 60*i**2 + 65*i + 255. What is o(-61)?
11
Let i(z) = z**3 - 137*z**2 - 169*z + 4208. Determine i(138).
-70
Let q(v) = 34*v - 1552. What is q(33)?
-430
Let k(x) = -x**3 + 11*x**2 - 23*x - 10. What is k(5)?
25
Let q(y) = -98*y - 1579. Give q(-17).
87
Let r(p) = -p**3 + 44*p**2 - 41*p - 121. Calculate r(43).
-35
Let h(o) = -2*o**2 + 15*o + 376. What is h(-11)?
-31
Let l(s) = 4*s**2 + 33*s - 184. What is l(4)?
12
Let j(f) = -10*f + 15. Give j(4).
-25
Let s(j) = -18*j + 1563. Give s(86).
15
Let j(q) = -96*q + 172. Give j(2).
-20
Let p(a) = 3*a**2 + 19*a - 355. What is p(13)?
399
Let y(x) = -49*x + 125. What is y(7)?
-218
Let k(b) = 311*b + 324. What is k(-1)?
13
Let p(o) = -231*o + 386. Give p(2).
-76
Let w(u) = -u**2 - 47*u + 9157. Determine w(-122).
7
Let r(k) = 38*k + 42. Determine r(-3).
-72
Let o(u) = -105*u - 950. Calculate o(-9).
-5
Let r(z) = -94*z + 8845. Calculate r(94).
9
Let z(l) = -l**3 - 7*l**2 + 21*l + 2. What is z(-9)?
-25
Let l(b) = -b**2 - 18*b + 46. Determine l(2).
6
Let z(w) = 12*w**2 + w + 47. Give z(0).
47
Let z(s) = -s**2 + 142*s - 4297. What is z(43)?
-40
Let w(p) = 29*p + 159. Determine w(-6).
-15
Let h(q) = -2*q**2 + 80*q - 793. Calculate h(19).
5
Let r(n) = 127*n - 51. Calculate r(1).
76
Let z(r) = -8*r**2 - 410*r - 98. Determine z(-51).
4
Let x(v) = -6*v - 172. What is x(13)?
-250
Let h(a) = -12*a**2 + 26*a + 42. What is h(-6)?
-546
Let k(p) = 2*p**2 - 24*p - 59. Give k(-4).
69
Let p(v) = 4*v**2 + 21*v + 64. Determine p(-10).
254
Let d(v) = 102*v - 800. Determine d(10).
220
Let m(v) = -v**2 + 28*v + 12798. Calculate m(-100).
-2
Let d(p) = -20*p + 308. Determine d(14).
28
Let u(t) = -t**3 + 24*t**2 + 81*t - 49. Calculate u(27).
-49
Let u(x) = -2*x**2 + 52*x - 33. Determine u(0).
-33
Let b(x) = -2270*x - 11350. What is b(-5)?
0
Let r(f) = 6*f + 45. Determine r(-9).
-9
Let d(m) = 2*m**2 - 261*m - 2212. What is d(-8)?
4
Let h(x) = -82*x + 503. Determine h(6).
11
Let y(q) = -q**3 + 10*q**2 - 8*q - 67. Determine y(8).
-3
Let o(z) = -62*z + 508. Give o(8).
12
Let g(s) = 271*s - 525. Calculate g(2).
17
Let j(h) = 258*h + 1301. What is j(-5)?
11
Let o(q) = -2*q - 12. Calculate o(-22).
32
Let n(t) = 17*t**2 - 24*t + 15. Give n(1).
8
Let s(n) = 5*n**2 + 36*n + 23. Give s(-6).
-13
Let v(p) = 342*p - 321. Determine v(1).
21
Let r(j) = -269*j + 660. Give r(4).
-416
Let c(d) = 3514*d + 17571. Determine c(-5).
1
Let j(g) = -918*g - 8. Determine j(0).
-8
Let x(g) = -4*g**3 + g**2 + 7*g + 2. What is x(-2)?
24
Let w(b) = -43*b + 3. What is w(0)?
3
Let l(v) = v**2 - 37*v - 160. Give l(32).
-320
Let y(d) = 208*d + 23085. Give y(-111).
-3
Let c(o) = -o**2 - 56*o - 154. What is c(-27)?
629
Let w(o) = -89*o + 2227. Determine w(25).
2
Let q(i) = 6*i**3 + 5*i**2 - 18*i + 27. Calculate q(2).
59
Let f(g) = g**2 - 141*g - 2348. Calculate f(-15).
-8
Let g(s) = -s**3 - s**2 + 35*s - 2. Determine g(5).
23
Let a(t) = -4*t**2 + 36*t + 8. Give a(-16).
-1592
Let u(j) = -20*j + 248. Give u(12).
8
Let o(f) = -4*f**2 - 182*f - 2124. Give o(-13).
-434
Let i(x) = x**2 + 118*x + 1780. What is i(-18)?
-20
Let m(c) = 3*c**3 - 9*c**2 + 2*c - 4. Determine m(3).
2
Let t(i) = i**2 - 328*i - 15938. Calculate t(-43).
15
Let p(c) = -c**3 - 29*c**2 + 64*c + 111. Give p(-31).
49
Let x(w) = -6*w**2 - 17*w + 78. Give x(-9).
-255
Let a(b) = -b**3 - 3*b**2 + 66*b + 46. What is a(7)?
18
Let o(c) = 294*c + 18235. Give o(-62).
7
Let k(p) = 2035*p - 4013. Determine k(2).
57
Let v(x) = -59*x - 222. Give v(-4).
14
Let z(r) = r**2 - 198*r + 1310. What is z(191)?
-27
Let a(m) = m**3 - 6*m**2 + m - 887. Calculate a(12).
-11
Let l(c) = -27*c**2 - 204*c + 94. Give l(-8).
-2
Let x(q) = -5*q**3 + 33*q**2 - 34*q + 96. Determine x(6).
0
Let y(s) = -s**3 - s**2 + 4*s + 45. Calculate y(0).
45
Let g(c) = 11*c + 145. Determine g(-14).
-9
Let z(r) = -r**3 - 213*r**2 - 1637*r + 609. Determine z(-205).
-6
Let k(o) = o**3 + 18*o**2 + 6*o + 101. What is k(-18)?
-7
Let b(o) = -5*o**2 - 6*o - 9. What is b(-1)?
-8
Let j(r) = r**3 + 62*r**2 - 320*r - 16192. What is j(-63)?
-1
Let z(h) = 6*h**2 - 242*h + 1685. What is z(9)?
-7
Let d(p) = 1878*p - 5637. Determine d(3).
-3
Let r(v) = v**2 + 27*v + 192. Give r(-12).
12
Let s(u) = -72*u**2 + 1156*u - 60. Determine s(16).
4
Let q(w) = 42*w - 62. Calculate q(9).
316
Let m(k) = k**3 + 42*k**2 - 44*k + 127. What is m(-43)?
170
Let s(j) = -39*j**3 + 2*j**2 + 6*j - 7. Determine s(1).
-38
Let b(i) = -2*i**2 + 23*i + 26. Calculate b(9).
71
Let d(m) = m**2 - 43*m + 453. Determine d(18).
3
Let j(s) = 2*s**2 + 1. What is j(0)?
1
Let o(u) = -u**3 + 7*u**2 - 5*u + 6. What is o(10)?
-344
Let g(k) = 2*k**3 + 44*k**2 - 59*k - 308. Calculate g(-23).
-9
Let m(d) = -d**2 + 18*d + 253. Determine m(-9).
10
Let w(a) = -51*a**2 + 1984*a + 192. What is w(39)?
-3
Let x(d) = 19*d**2 + 25*d + 21. Calculate x(-4).
225
Let c(s) = 2*s**3 + 249*s**2 - 120*s + 622. Give c(-125).
-3
Let s(x) = -333*x - 4005. Give s(-12).
-9
Let a(k) = -13*k + 190. Determine a(0).
190
Let k(n) = 3*n + 148. Determine k(38).
262
Let b(y) = -2*y**2 - 149*y - 869. Give b(-6).
-47
Let a(l) = 2674*l - 18722. Calculate a(7).
-4
Let m(y) = y**2 + 170*y + 1886. Give m(-12).
-10
Let w(o) = 2*o - 53. What is w(24)?
-5
Let i(w) = w**3 - 88*w**2 + 338*w - 193. Determine i(84).
-25
Let h(r) = 43*r**2 + 757*r + 3122. What is h(-11)?
-2
Let c(l) = 11*l**2 - 14*l - 38. Give c(-5).
307
Let d(t) = -2*t**2 + 916*t + 7428. Determine d(-8).
-28
Let x(p) = 7*p**2 + 13*p - 67. Determine x(-5).
43
Let f(n) = -4*n**2 - n + 14. Determine f(6).
-136
Let a(n) = -12*n**2 + 10*n + 14. What is a(-1)?
-8
Let h(j) = -531*j + 2673. Calculate h(5).
18
Let o(a) = 67*a + 52. What is o(-4)?
-216
Let n(c) = 778*c + 29563. Give n(-38).
-1
Let h(m) = 3552*m + 17717. Determine h(-5).
-43
Let g(z) = -161*z + 61. Determine g(1).
-100
Let u(n) = -n**3 + 137*n**2 + 502*n - 31131. Calculate u(139).
5
Let b(h) = -42*h - 95. Give b(-4).
73
Let d(z) = -71*z - 321. Calculate d(-16).
815
Let m(g) = -5*g + 69. What is m(13)?
4
Let l(s) = 2*s**3 - 187*s**2 + 626*s + 356. What is l(90)?
-4
Let v(t) = -8*t**2 + 28*t + 337. Determine v(-5).
-3
Let c(m) = m**2 + 21*m + 24. Determine c(-14).
-74
Let j(d) = -2*d**3 - 23*d**2 + 6*d + 159. Give j(-11).
-28
Let s(l) = -19*l**2 - 4*l + 10. Calculate s(3).
-173
Let a(i) = i**3 - 27*i**2 + 35*i - 187. Give a(26).
47
Let i(d) = 2*d**3 + 186*d**2 - 191*d - 283. Calculate i(-94).
-1
Let y(v) = 3*v**2 - 19*v - 39. What is y(-4)?
85
Let c(t) = -t**3 + 50*t**2 - 93*t - 87. Calculate c(48).
57
Let w(j) = -15*j**2 - 53*j - 31. Give w(-3).
-7
Let p(o) = -o**3 - o**2 - 4. Give p(-4).
44
Let p(a) = 5*a**2 + 26*a - 68. Give p(-7).
-5
Let q(k) = 30*k - 534. Determine q(18).
6
Let c(p) = -91*p + 3816. Calculate c(42).
-6
Let s(n) = -9*n - 1034. Determine s(-113).
-17
Let x(a) = -612*a - 32429. Calculate x(-53).
7
Let b(j) = 14*j - 269. Give b(19).
-3
Let v(z) = -z**3 + 97*z**2 - 192*z + 188. Determine v(95).
-2
Let h(u) = -2*u**3 - 535*u**2 - 264*u + 797. What is h(-267)?
-4
Let a(n) = -2865*n + 51560. What is a(18)?
-10
Let x(p) = 4*p**2 + 68*p + 245. Determi